{"id":1569,"date":"2010-10-23T17:52:25","date_gmt":"2010-10-23T15:52:25","guid":{"rendered":"http:\/\/www.bhagavadgita.eu\/?page_id=1569"},"modified":"2012-11-24T13:10:51","modified_gmt":"2012-11-24T12:10:51","slug":"do-pobrania","status":"publish","type":"page","link":"https:\/\/www.blog.bhagavadgita.eu\/?page_id=1569","title":{"rendered":"Ksi\u0105\u017cki do pobrania"},"content":{"rendered":"<p><strong>Olszewski<\/strong>, Bronis\u0142aw. <em>Bhagavad G\u012bt\u0101<\/em>, (przek\u0142ad z franc. za Emilem Burnoufem) w: <em>Mahabharata<\/em>, oprac. Antoni Lange, Brody <strong>1911<\/strong>, str. 184-246.<br \/>\n<a href=\"http:\/\/www.bhagavadgita.eu\/wp-content\/uploads\/2010\/10\/BhG_Olszewski.pdf\">BhG_Olszewski<\/a><\/p>\n<p><strong>Michalski-Iwie\u0144ski<em> <\/em><\/strong>S.F., <em>Bhagawadgita, czyli Pie\u015b\u0144 o Bogu. Poemat filozoficzny indyjski<\/em>, Ultima Thule, Warszawa<strong><\/strong> 1927.<br \/>\n<a href=\"http:\/\/www.bhagavadgita.eu\/wp-content\/uploads\/2010\/10\/BhG_Michalski.pdf\">BhG_Michalski<\/a><\/p>\n<p><em>\u015ar\u012bmad-bhagavad-g\u012bta<\/em>, (czcionka dewanagari) <strong>Vi\u015bvan\u0101tha-cakravart\u012b <\/strong>\u2013 <em>S\u0101r\u0101rtha-var\u1e63in\u012b-\u1e6d\u012bk\u0101<\/em>, <strong>Baladeva-vidy\u0101-bh\u016b\u1e63a\u1e47a<\/strong> \u2013 <em>G\u012bt\u0101-bh\u016b\u1e63a\u1e47a<\/em>, wydawca K\u1e5b\u1e63\u1e47a-d\u0101sa B\u0101b\u0101, Kusuma Sarovara, R\u0101dh\u0101ku\u1e47\u1e0da, Mathur\u0101 1965r.<br \/>\n<a href=\"http:\/\/www.bhagavadgita.eu\/wp-content\/uploads\/2010\/10\/BG_VB1-6.pdf\">BG_VB1-6<\/a>; <a href=\"http:\/\/www.bhagavadgita.eu\/wp-content\/uploads\/2010\/10\/BG_VB7-12.pdf\">BG_VB7-12<\/a>; <a href=\"http:\/\/www.bhagavadgita.eu\/wp-content\/uploads\/2010\/10\/BG_VB13-18.pdf\">BG_VB13-18<\/a><\/p>\n<p><em>Bhagavad-g\u012bt\u0101<\/em>, (czcionka dewanagari) <strong>Madhus\u016bdana-sarasvat\u012b<\/strong> \u2013 <em>G\u016b\u1e0dh\u0101rtha-d\u012bpik\u0101<\/em>, t\u0142umaczenie na hindi: Sv\u0101m\u012b San\u0101tana-deva, Caukhamba Sanskrita Series Office, Varanasi 1962r.<br \/>\n<a href=\"http:\/\/www.bhagavadgita.eu\/wp-content\/uploads\/2010\/10\/BhG_MS1.pdf\">BhG_MS1<\/a>; <a href=\"http:\/\/www.bhagavadgita.eu\/wp-content\/uploads\/2010\/10\/BhG_MS2.pdf\">BhG_MS2<\/a>; <a href=\"http:\/\/www.bhagavadgita.eu\/wp-content\/uploads\/2010\/10\/BhG_MS3-4.pdf\">BhG_MS3-4<\/a>; <a href=\"http:\/\/www.bhagavadgita.eu\/wp-content\/uploads\/2010\/10\/BhG_MS5-6.pdf\">BhG_MS5-6<\/a>; <a href=\"http:\/\/www.bhagavadgita.eu\/wp-content\/uploads\/2010\/10\/BhG_MS7-12.pdf\">BhG_MS7-12<\/a>; <a href=\"http:\/\/www.bhagavadgita.eu\/wp-content\/uploads\/2010\/10\/BhG_MS13-18.pdf\">BhG_MS13-18<\/a><\/p>\n<p><em>\u015ar\u012b \u015ar\u012bmad-bhagavad-g\u012bt\u0101,<\/em> (czcionka bengalska)<em> <\/em><strong>Baladeva-vidy\u0101-bh\u016b\u1e63a\u1e47a<\/strong> \u2013 <em>G\u012bt\u0101-bh\u016b\u1e63a\u1e47a<\/em>, bengalski subkomentarz: Bhaktivinoda-\u1e6dh\u0101kura<em> \u2013 Vidvad-ra\u1e45gana<\/em>,\u00a0 Gau\u1e0d\u012bya-ma\u1e6dha, Kolkata 1932 r.<br \/>\n<a href=\"http:\/\/www.bhagavadgita.eu\/wp-content\/uploads\/2010\/10\/BhG_Bal1-5.pdf\">BhG_Bal1-5<\/a>; <a href=\"http:\/\/www.bhagavadgita.eu\/wp-content\/uploads\/2010\/10\/BhG_Bal7-12.pdf\">BhG_Bal7-12<\/a>; <a href=\"http:\/\/www.bhagavadgita.eu\/wp-content\/uploads\/2010\/10\/BhG_Bal13-18.pdf\">BhG_Bal13-18<\/a><\/p>\n","protected":false},"excerpt":{"rendered":"<p>Olszewski, Bronis\u0142aw. Bhagavad G\u012bt\u0101, (przek\u0142ad z franc. za Emilem Burnoufem) w: Mahabharata, oprac. Antoni Lange, Brody 1911, str. 184-246. BhG_Olszewski Michalski-Iwie\u0144ski S.F., Bhagawadgita, czyli Pie\u015b\u0144 o Bogu. Poemat filozoficzny indyjski, Ultima Thule, Warszawa 1927. BhG_Michalski \u015ar\u012bmad-bhagavad-g\u012bta, (czcionka dewanagari) Vi\u015bvan\u0101tha-cakravart\u012b \u2013 S\u0101r\u0101rtha-var\u1e63in\u012b-\u1e6d\u012bk\u0101, Baladeva-vidy\u0101-bh\u016b\u1e63a\u1e47a \u2013 G\u012bt\u0101-bh\u016b\u1e63a\u1e47a, wydawca K\u1e5b\u1e63\u1e47a-d\u0101sa B\u0101b\u0101, Kusuma Sarovara, R\u0101dh\u0101ku\u1e47\u1e0da, Mathur\u0101 1965r. BG_VB1-6; BG_VB7-12; BG_VB13-18 [&hellip;]<\/p>\n","protected":false},"author":2,"featured_media":0,"parent":228,"menu_order":3,"comment_status":"closed","ping_status":"closed","template":"","meta":{"footnotes":""},"class_list":["post-1569","page","type-page","status-publish","hentry"],"_links":{"self":[{"href":"https:\/\/www.blog.bhagavadgita.eu\/index.php?rest_route=\/wp\/v2\/pages\/1569","targetHints":{"allow":["GET"]}}],"collection":[{"href":"https:\/\/www.blog.bhagavadgita.eu\/index.php?rest_route=\/wp\/v2\/pages"}],"about":[{"href":"https:\/\/www.blog.bhagavadgita.eu\/index.php?rest_route=\/wp\/v2\/types\/page"}],"author":[{"embeddable":true,"href":"https:\/\/www.blog.bhagavadgita.eu\/index.php?rest_route=\/wp\/v2\/users\/2"}],"replies":[{"embeddable":true,"href":"https:\/\/www.blog.bhagavadgita.eu\/index.php?rest_route=%2Fwp%2Fv2%2Fcomments&post=1569"}],"version-history":[{"count":16,"href":"https:\/\/www.blog.bhagavadgita.eu\/index.php?rest_route=\/wp\/v2\/pages\/1569\/revisions"}],"predecessor-version":[{"id":8196,"href":"https:\/\/www.blog.bhagavadgita.eu\/index.php?rest_route=\/wp\/v2\/pages\/1569\/revisions\/8196"}],"up":[{"embeddable":true,"href":"https:\/\/www.blog.bhagavadgita.eu\/index.php?rest_route=\/wp\/v2\/pages\/228"}],"wp:attachment":[{"href":"https:\/\/www.blog.bhagavadgita.eu\/index.php?rest_route=%2Fwp%2Fv2%2Fmedia&parent=1569"}],"curies":[{"name":"wp","href":"https:\/\/api.w.org\/{rel}","templated":true}]}}